- 8*d - 3. Let c(s) = s**2 + 3*s + 1. Let j(i) = 17*c(i) + 6*z(i). Determine j(h).
-5
Let f(u) = 2*u - 1. Let c(i) = 5*i + 5. Let w be c(-5). Let a be (w/(-6))/(14/(-21)). Calculate f(a).
-11
Let r(y) = y**2 - 6*y + 7. Let t be r(6). Let f(b) = 4*b**2 + b**3 - t + 5*b**2 - 3*b**2 + 5. Determine f(-6).
-2
Let l = -9 - -7. Let i be -1 - (4 + -2)*l. Suppose -i*g + 4 = -2*g. Let x(r) = -2*r. Determine x(g).
-8
Let z(j) be the first derivative of -j**4/4 - j**3/3 - j**2/2 - 4*j - 2. Let c = 7 - 7. What is z(c)?
-4
Suppose 9*g = 13*g - 28. Let i(k) = k**2 - 4*k - 8. Calculate i(g).
13
Let d(t) = -12 - 8*t + 17 + t**2 - 7. Give d(7).
-9
Suppose 2*x - 16 = -0*x. Let q(h) = x*h - 2 - 6*h + 8*h + 3. Give q(-1).
-9
Let u(y) = y - 2*y + 32*y**2 - 33*y**2 + 7. Calculate u(0).
7
Let u(h) = h**3 - 2*h**2 + h - 1. Let c(v) be the third derivative of -v**4/24 + 3*v**3 - 5*v**2. Let p be c(15). Give u(p).
11
Suppose -4*a + 2*a = -6. Let t(s) = -9*s + 2 + s + 6*s + 0 + 3*s. Calculate t(a).
5
Let d(t) = t**3 + 7*t**2 - 9*t + 5*t + 3 - 2*t**3. Give d(6).
15
Let j be ((-1)/3)/((-6)/36). Suppose 3*b + j = 5*b. Let t(f) = -4*f**2 + 1. Calculate t(b).
-3
Let c be 6/(-4)*80/(-30). Let x(i) = -i**2 + 3*i + 2. Let f be x(c). Let d(b) = 3*b**2 - 2. Determine d(f).
10
Let g(d) = d**2 + 4*d - 7. Suppose 0*w = -5*w - 30. Let m = w + 0. Calculate g(m).
5
Let v(o) = 3*o + 11*o + 5*o**2 + 6*o + 3. Let x(u) = 3*u**2 + 13*u + 2. Suppose 8 = -2*y - 8. Let g(t) = y*x(t) + 5*v(t). Calculate g(4).
-1
Let a(p) = p - 1. Let c = -20 + 24. Calculate a(c).
3
Let u(m) = -m - 1. Let n be 4/(-14) + (-216)/(-21). Suppose 0 = -7*y + 2*y - n. What is u(y)?
1
Let t(r) = -r - 10. Let s = 79 - 87. Determine t(s).
-2
Let z = 12 + -7. Let f(t) = -16 + 9 - z*t + t + 3*t. Determine f(0).
-7
Suppose 2*b - w = -9, 0 = -b + 2*w - w - 2. Let s be (-16)/b + 2/(-7). Let v(i) = 1. Let t(j) = -2*j. Let a(k) = -t(k) + 2*v(k). Calculate a(s).
6
Let n(c) be the second derivative of -c**3/6 - 3*c**2/2 + 2*c. Let j be n(0). Let s(w) = w**3 + 5*w**2 + 3*w - 2. Calculate s(j).
7
Let z = 3 - 3. Let s = z + 1. Let w(f) be the first derivative of -3*f**2 - f + 1. What is w(s)?
-7
Let c(b) = -3*b**3 + b**2 - b + 1. Let a(r) = r**2 + r - 2. Let p be a(-3). Suppose -p*d = -2*d + 2. Let w be (-1)/2*(d + -1). Give c(w).
-2
Let u(o) = 0*o**2 - 2*o + 3*o - o**2 - 1. Let b be -2 - (-4)/(-4)*-5. Give u(b).
-7
Let f(v) be the third derivative of 0*v + 0 - 1/30*v**5 + 2*v**2 + 1/24*v**4 + 1/6*v**3 - 1/120*v**6. Determine f(-1).
-1
Let j(n) = 2*n + 2. Let x = -4 + 7. Suppose -2*s + 7 = -5*d, 5*d - x = 2*d + 3*s. What is j(d)?
-4
Let s(a) be the third derivative of a**4/12 - a**3/3 - a**2. Calculate s(-3).
-8
Let k(t) be the first derivative of -4*t**2 + t - 5. Determine k(1).
-7
Suppose 0 = -9*r + 4*r, 0 = 3*o + 3*r - 3. Let p(i) = 2*i - 1 + 0 - 2*i**2 + 5*i**2. Let h(j) = -2*j**2 - 3*j + 1. Let x(t) = 2*h(t) + 3*p(t). Determine x(o).
4
Let s(o) = 4*o + 2. Let p(v) = -8*v - 3. Let z(a) = 3*p(a) + 5*s(a). Calculate z(1).
-3
Suppose -4*t - 20 = -3*v, -4*t + 9 = -2*v + 29. Suppose 0 = j - 2 - 2. Let q(z) = -j + 3*z + 0*z**2 + 4*z**2 - 3*z**2. Determine q(t).
6
Let q(u) be the first derivative of -2*u**3/3 + u**2 - 2*u + 8. Suppose 3*c - 2*r = 4*c + 2, -4 = -4*c - 2*r. What is q(c)?
-6
Let n = -51 - -46. Let u(k) = k - 7. Give u(n).
-12
Let l(v) = v - 168 + 168. Calculate l(-4).
-4
Let b(c) = c**2 - 9*c + 3. Suppose 0 = -3*i - 3*h + 9, 3 = i - 0*i + 4*h. Suppose 3 = 3*y + 5*d, -2*d - i*d - 27 = -2*y. Give b(y).
-15
Let s(h) be the second derivative of -h**3/6 + h**2/2 - 6*h. Calculate s(3).
-2
Let p(g) = -2*g**2 + 6*g. Let w be p(4). Let s = -3 - w. Suppose -s*i = -2*i + 3. Let d(b) = -7*b - 1. Give d(i).
6
Let h(d) = -2*d - 3. Let y be (-201)/39 + 8/52. Determine h(y).
7
Let m(r) be the first derivative of r**5/120 + r**3/3 + 1. Let u(a) be the third derivative of m(a). Let k(i) = -i + 7. Let x be k(8). Calculate u(x).
-1
Let a(q) = -3*q**2 + 19*q**2 - 9 - q - 10*q**2 - 5*q**2. Give a(0).
-9
Let r(s) be the third derivative of -s**4/12 - s**3 - 15*s**2. What is r(-9)?
12
Let j(z) = 5*z - 1. Let n be j(-1). Let c(k) be the first derivative of k**2/2 + 6*k - 54. What is c(n)?
0
Let w(p) be the third derivative of p**4/24 + p**3/6 + p**2. Suppose 0*f - 5*f - 30 = 0. What is w(f)?
-5
Let w = 7/8 - 3/8. Let o(t) be the second derivative of 2/3*t**3 + 0 + 1/12*t**4 - w*t**2 - 2*t. What is o(-5)?
4
Let g(c) = -4*c. Let i(a) = -1. Let d(o) = g(o) - 3*i(o). Let s be d(2). Let j(b) = 3 + 0*b - b - 9. Determine j(s).
-1
Let t(o) = o**2 + 5*o - 6. Suppose -4*g + 2*g - 8 = 2*f, 0 = -4*g + f - 31. Determine t(g).
8
Suppose l = 3 + 4. Suppose -l*u + 45 = -2*u. Let z(b) = b - 4. Let x be z(u). Let m(h) = h**3 - 4*h**2 - 6*h - 5. Determine m(x).
-10
Let n(t) be the third derivative of t**4/12 - t**3/2 - 4*t**2. What is n(6)?
9
Let m(y) = y**2 + 4. Let o(t) = 5*t**2 + 21. Let f(c) = -11*m(c) + 2*o(c). Give f(4).
-18
Let u(n) be the first derivative of -2*n**3/3 + 3*n**2/2 - 3*n - 1. Let h be (-1)/2*-2 - -1. Calculate u(h).
-5
Let x(r) = -r**2 + 7*r. Suppose -4*t - 4*k + 36 = -0, -t - 4*k + 24 = 0. Determine x(t).
12
Let i(b) = b**2 - 4*b + 6. Let m = -21 + 25. Give i(m).
6
Let x be (-2)/2 + -3 + 3. Let t(r) = 10*r**2 - 2*r**3 - 2 - 7*r**2 + 1 - 2*r**2. What is t(x)?
2
Let m = 2 + 16. Suppose -16 = 2*l - 2*w, -3*l = l + 3*w + m. Let i(b) = -b**2 - 6*b - 6. Determine i(l).
-6
Let t(z) be the second derivative of z**6/720 - z**5/120 - z**4/4 + z. Let a(k) be the third derivative of t(k). Let q be (-30)/(-4)*(-2)/(-3). Calculate a(q).
4
Let g(v) = -5*v**3 - 2*v**2 - 7*v + 4. Let u(j) = -6*j**3 - j**2 - 8*j + 5. Let w(q) = 5*g(q) - 4*u(q). Give w(-5).
-10
Let g(v) = v**3 + 7*v**2 + v**3 + 0*v**3 + v - 8 - 3*v**3. What is g(7)?
-1
Let a(c) = -4*c**3 - 2*c**2 - 2*c - 6. Let s(b) = b**3 - 1. Let n = -13 + 18. Let p(d) = n*s(d) - a(d). Suppose x = 1 - 2. What is p(x)?
-8
Let i(y) be the third derivative of 0*y + 1/6*y**4 + 0 - 5*y**2 + 0*y**3 + 1/10*y**5 + 1/120*y**6. Give i(-5).
5
Let p(f) = -f**2 - 2*f + 1. Suppose 0 = -l - 2*c, 0*l = 2*l - c - 10. Suppose 2*m + 6 = -4*i - 14, -l*m = -2*i. What is p(m)?
1
Let c(h) be the third derivative of -h**4/24 - h**3/2 + h**2. Let a be 0/((-5)/((-10)/(-4))). What is c(a)?
-3
Let q(a) = a**3 + 6*a**2 + a + 4. Let z(j) = j**2 - 7*j + 4. Let h be z(2). Calculate q(h).
-2
Suppose m + 0 = 2. Let n(v) = -6*v**2 + 3*v**m + v + 2 - 3. What is n(-2)?
-15
Let o(u) be the second derivative of u**4/6 - u**3/2 - u**2/2 + 10*u. Calculate o(-2).
13
Let b(l) = 2*l - 7. Let x = -68 + 97. Suppose 1 = 5*u - x. Calculate b(u).
5
Let m(r) be the third derivative of r**7/2520 - r**5/60 - r**4/24 + r**2. Let n(c) be the second derivative of m(c). What is n(3)?
7
Let l = 8 - 13. Let c(k) = -k**2 - 4*k - 1. What is c(l)?
-6
Let g(j) = -j**3 + 2*j**2 + 3*j + 1. Let w(k) = -2*k**3 + 5*k**2 + 7*k + 2. Let p be 4/8*-1*10. Let m(y) = p*g(y) + 2*w(y). Determine m(2).
5
Let w(j) = 29*j**2 - 2*j - 7. Let f(v) = 14*v**2 - v - 3. Let c(r) = -7*f(r) + 3*w(r). What is c(1)?
-10
Let a = 1 - -1. Let m(f) = -2*f - 9 + 2*f - a*f. Suppose 3*l = -4 - 14. Calculate m(l).
3
Let u(r) be the first derivative of r**2/2 - 7*r - 10. Calculate u(5).
-2
Let w be ((-1)/(3/48))/(-2). Let s(x) = 2*x - 10. Calculate s(w).
6
Let p(a) = a**3 + 6*a**2 + 6*a + 6. Let q be ((-26)/(-4))/((-2)/4). Let g = 8 + q. Calculate p(g).
1
Let b(k) be the first derivative of -2*k + 1/2*k**2 + 1. Suppose -5*j + 9 + 5 = 4*c, -8 = -2*c - 3*j. Calculate b(c).
-1
Let i(r) be the second derivative of r**4/12 - 2*r**3/3 + r**2 - 2*r. Let u be (10/4*-2)/(-1). Suppose u*q - 26 + 1 = -5*d, -d = 4*q - 8. Determine i(d).
2
Let r(l) = l. Let n be (-4)/(-7)*(-21)/(-6). Suppose -n*x + 6 = x - 2*v, -v - 3 = -2*x. Give r(x).
0
Let a(m) be the first derivative of 1/2*m**2 - 7*m + 7. What is a(5)?
-2
Let d = 2 + -3. Let v(p) = -5*p**2 + 14*p - 5. Let k(l) = 4*l**2 - 12*l + 4. Let j(t) = -6*k(t) - 5*v(t). Calculate j(d).
0
Let f(g) be the third derivative of g**4/12 + 11*g**3/6 - 11*g**2. What is f(-8)?
-5
Let h(w) = 11*w**2 - 21*w + 23. Suppose 3*q = -5*d - 20, 0*d = 2*d + 2. Let b(g) = -7*g**2 + 14*g - 15. Let c(u) = q*h(u) - 8*b(u). Give c(5).
-5
Let d(r) be the first derivative of 1 + 5/12*r**4 + 2*r 